-m**2 + 4438*m + 53280. Calculate x(-12).
-120
Let p(z) = -z**2 + 12983*z + 2129506. Give p(-162).
16
Let j(d) = 26198*d - 1021709. Calculate j(39).
13
Let b(y) = 961*y - 2293. Determine b(1).
-1332
Let m(c) = 33129*c - 198984. What is m(6)?
-210
Let f(u) = 10443*u - 9. Determine f(0).
-9
Let l(t) = -511*t**3 + 4087*t**2 + 62. Give l(8).
-2
Let v(x) = x**3 - x**2 + 7289*x - 51298. Give v(7).
19
Let d(c) = 1911*c - 13339. Calculate d(7).
38
Let x(t) = 4862*t - 22959. Give x(3).
-8373
Let a(l) = 105*l + 10030. Determine a(-120).
-2570
Let h(n) = 2*n**3 - 43*n**2 - 48*n + 364. Determine h(22).
-208
Let o(d) = -155284*d - 776351. Determine o(-5).
69
Let q(m) = -584*m**2 + 138406*m + 659. Calculate q(237).
185
Let g(r) = -4*r**2 - 5121*r + 744118. Calculate g(-1412).
-6
Let c(y) = -4115*y + 45296. Determine c(11).
31
Let x(b) = 17*b**2 + 332*b + 943. What is x(-11)?
-652
Let q(z) = 3558*z**2 + 3564*z - 3. What is q(-1)?
-9
Let v(x) = 212*x - 14273. Determine v(67).
-69
Let m(k) = -1970*k - 38399. Calculate m(-19).
-969
Let o(t) = t**2 + 175*t - 31448. Determine o(-287).
696
Let d(q) = -q**3 - 56*q**2 - 17*q - 29. Calculate d(0).
-29
Let u(a) = -a**3 + 23*a**2 + 61*a + 270. Determine u(26).
-172
Let w(r) = -r**3 + 185*r**2 + 301*r + 13653. What is w(187)?
2
Let b(m) = -4*m**2 + 151183*m - 755900. Give b(5).
-85
Let k(m) = -2*m**2 - 63*m + 21390. Determine k(-120).
150
Let q(x) = -3179*x + 327440. Determine q(103).
3
Let s(w) = -w**3 - 12*w**2 + 48*w + 272. Give s(-6).
-232
Let p(m) = 8595*m - 25684. Determine p(3).
101
Let n(s) = 6012*s - 186378. What is n(31)?
-6
Let b(u) = -u**3 + 122*u**2 + 1173*u + 808. Calculate b(131).
22
Let n(k) = -49*k**2 - 479*k - 106. What is n(-10)?
-216
Let h(i) = 9*i**2 + 4*i - 235. What is h(-6)?
65
Let p(w) = -w**3 - 1383*w**2 - 27305*w - 903. What is p(-20)?
-3
Let c(y) = 6*y**3 - 3227*y**2 - 543*y + 2687. Give c(538).
-3
Let t(z) = -11*z**3 + 516*z**2 + 33*z + 647. Calculate t(47).
-11
Let j(c) = -2178*c + 52281. What is j(24)?
9
Let m(g) = -g**3 + 90*g**2 - 1358*g - 2972. Determine m(70).
-32
Let y(c) = -13*c**3 + 12*c**2 - 29*c + 48. What is y(4)?
-708
Let c(w) = 7150*w - 35746. Give c(5).
4
Let s(d) = 1275*d**2 + 63*d - 15. Determine s(1).
1323
Let l(k) = 119*k**3 - 3*k**2 + 38*k - 34. Calculate l(1).
120
Let w(z) = -116*z**2 + 2471*z - 8. Give w(22).
-1790
Let j(r) = -59813*r - 9570083. Give j(-160).
-3
Let m(z) = -z**3 - 146*z**2 - 307*z - 2729. What is m(-144)?
7
Let g(v) = v**3 + 19*v**2 + 130*v + 298. What is g(-7)?
-24
Let a(c) = -6715*c + 53730. Determine a(8).
10
Let o(q) = -584*q - 1802. Calculate o(-3).
-50
Let z(g) = -26*g**3 + 388*g**2 + 37*g - 122. What is z(15)?
-17
Let x(a) = a**3 - 112*a**2 + 1963*a + 112. Give x(22).
-262
Let u(t) = 2*t**2 + 171*t + 5238. What is u(-67)?
2759
Let u(m) = m**3 - 72*m**2 - 114*m - 2352. Calculate u(74).
164
Let y(t) = -2*t - 774. What is y(-41)?
-692
Let h(i) = 28*i**3 - 510*i**2 + 107*i + 113. Calculate h(18).
95
Let p(i) = 61*i**2 - 2590*i - 4159. Give p(44).
-23
Let d(p) = p**3 - 19*p**2 - 34*p + 1113. Give d(9).
-3
Let o(z) = -z**3 - 61*z**2 + 663*z + 56281. Give o(-36).
13
Let r(x) = -x**3 + 70*x**2 - 1538*x + 73823. Calculate r(64).
-33
Let h(c) = -16*c**2 - 261*c - 175. What is h(-17)?
-362
Let p(y) = -6*y + 801. What is p(25)?
651
Let d(l) = -2*l**2 - 117*l + 2830. What is d(20)?
-310
Let q(d) = -15*d + 1475. What is q(-33)?
1970
Let l(o) = -2333*o - 711191. What is l(-305)?
374
Let f(c) = 2441*c + 14294. Calculate f(-6).
-352
Let i(f) = 2*f**3 + 52*f**2 - 4261*f - 276. Calculate i(35).
39
Let q(o) = 794*o + 7715. What is q(-9)?
569
Let s(n) = -n**2 - 144*n + 8095. Determine s(43).
54
Let l(p) = -p**3 + 6*p**2 - p + 4. What is l(7)?
-52
Let y(a) = -2*a**3 - 3768*a**2 + 53161*a - 238. What is y(14)?
0
Let h(w) = 2*w**3 - 16*w**2 - 219*w - 83. Calculate h(-11).
-2272
Let v(t) = -1767*t - 409936. Give v(-232).
8
Let v(z) = -154*z + 28520. What is v(182)?
492
Let n(q) = -12*q**3 - 8*q**2 - 6*q - 8. Calculate n(-5).
1322
Let x(p) = -3*p**3 - 128*p**2 + 87*p - 44. Calculate x(-44).
3872
Let x(m) = 13055*m + 326437. Calculate x(-25).
62
Let o(s) = 2*s**3 - 319*s**2 - 818*s + 1338. What is o(162)?
42
Let p(z) = -5*z**2 + 263*z + 8412. Calculate p(75).
12
Let d(c) = -c**3 + 84*c**2 - 715*c - 241. Determine d(10).
9
Let b(m) = 30*m**2 + 108*m - 1223. Calculate b(8).
1561
Let i(x) = -1295*x**3 + 4*x**2 + 10*x + 12. Calculate i(-1).
1301
Let f(v) = -452*v**3 + 64*v**2 + 140*v + 75. What is f(-1)?
451
Let r(m) = 7*m**2 + 182*m + 138. Give r(-24).
-198
Let t(k) = -46*k + 3808. What is t(84)?
-56
Let d(y) = 181*y**2 + 6865*y + 58507. Give d(-25).
7
Let a(w) = 23582*w + 40. Give a(0).
40
Let l(n) = n**3 + 778*n**2 + 26009*n + 150. Give l(-35).
10
Let j(s) = 47*s - 5216. Give j(118).
330
Let n(w) = -10*w**2 - 446*w - 2732. What is n(-37)?
80
Let m(y) = -y**3 + 82*y**2 - 238*y + 130. Determine m(79).
51
Let n(b) = 108*b**2 - 317*b - 1554. Give n(-5).
2731
Let s(q) = -4*q**3 + 631*q**2 - 292*q + 71093. Determine s(158).
-7
Let y(a) = a**2 - 1222848*a + 13451201. Calculate y(11).
-6
Let x(a) = 19*a**2 - 70*a + 25. Give x(4).
49
Let y(r) = 167*r**2 + 2365*r - 2111. Give y(-15).
-11
Let c(q) = -41516*q + 9008978. Calculate c(217).
6
Let n(p) = 10*p**3 - 764*p**2 + 284*p + 1298. Calculate n(76).
-222
Let x(j) = -302*j + 12292. Give x(41).
-90
Let x(p) = 2*p**3 - 385*p**2 - 45699*p + 2821. Calculate x(-83).
-1
Let r(z) = -z**3 - 146*z**2 - 448*z - 2358. What is r(-143)?
359
Let g(l) = l**2 + 311918*l - 2183473. Calculate g(7).
2
Let y(f) = -f**3 - 21*f**2 + 19*f + 453. Determine y(-17).
-1026
Let t(b) = -b**2 - 2780*b + 61726. Determine t(22).
82
Let f(b) = 14447*b + 621232. Calculate f(-43).
11
Let j(d) = -8*d**3 + 89*d**2 - 32*d - 2. Give j(11).
-233
Let q(t) = 100*t**2 + 8396*t + 161. Calculate q(-84).
497
Let v(q) = q**2 + 166*q - 14076. Determine v(62).
60
Let f(h) = h**2 - 95*h + 1379. Determine f(19).
-65
Let u(h) = 35930*h + 107754. What is u(-3)?
-36
Let i(j) = 9289*j - 63837. What is i(7)?
1186
Let l(y) = 20*y**2 - 1353*y + 6825. Give l(5).
560
Let s(u) = -1065*u**3 - 4*u**2 + 363*u - 359. What is s(1)?
-1065
Let p(x) = -2*x**3 - 30*x**2 + 204*x + 231. What is p(-20)?
151
Let f(o) = 2*o**2 + 30653*o - 214692. Calculate f(7).
-23
Let t(q) = q**3 + 299*q**2 - 15014*q + 26747. Give t(-343).
-7
Let v(l) = 25*l**3 - 5*l**2 + 50*l - 89. Determine v(2).
191
Let f(n) = -95*n + 1721. Determine f(27).
-844
Let z(x) = 2339*x**2 + 136*x - 6. What is z(0)?
-6
Let y(c) = -17*c**2 + 912*c - 900. What is y(1)?
-5
Let k(q) = -7*q**2 - 1160*q + 14815. Give k(12).
-113
Let p(l) = -l**3 - 354*l**2 - 3776*l - 1446. Calculate p(-343).
-417
Let g(i) = 3*i**3 - 165*i**2 - 15*i + 886. Give g(55).
61
Let i(t) = 20*t**2 + 181*t + 640. Calculate i(-7).
353
Let q(l) = -172*l**2 + 17878*l + 1077. Give q(104).
37
Let j(q) = 102266*q - 2454382. Determine j(24).
2
Let b(n) = n**3 + 118*n**2 + 563*n - 47. Give b(-5).
-37
Let w(a) = -753*a - 21651. Determine w(-29).
186
Let v(l) = l**3 + 165*l**2 + 6519*l + 151. Calculate v(-66).
1141
Let f(l) = -8*l**3 + 338*l**2 + 97*l - 7622. Give f(42).
-20
Let n(f) = 3*f**2 - 25274*f - 75853. Determine n(-3).
-4
Let l(o) = -68*o**2 + 721*o - 436. Give l(10).
-26
Let x(c) = 3259*c - 4077014. Give x(1251).
-5
Let b(n) = n**3 - 178*n**2 - 470*n + 52094. Give b(179).
5
Let f(a) = 2141*a + 120340. What is f(-56)?
444
Let q(k) = -5*k**2 + 23*k + 3048. Give q(0).
3048
Let l(k) = 41223*k - 329769. Give l(8).
15
Let w(a) = 483*a - 23661. Determine w(48).
-477
Let c(n) = -7*n**2 + 196*n - 195. Determine c(27).
-6
Let y(w) = 74*w**3 - 5180*w**2 - 150*w + 10513. What is y(70)?
13
Let p(d) = -d**2 + 135800*d - 814753. What is p(6)?
11
Let c(b) = 5961*b - 172847. Determine c(29).
22
Let h(c) = 7*c**2 + 178*c - 3874. Determine h(14).
-10
Let q(h) = 29*h**2 - 603*h - 71. Give q(5).
-2361
Let n(x) = 5*x**3 + 12*x**2 - 139*x + 440. Calculate n(5).
670
Let h(s) = -s**3 - 114*s**2 + 29497*s + 1862. Determine h(124).
2
Let i(n) = 2*n**2 + 6839*n - 137396. Give i(20).
184
Let l(x) = 2*x**2 + 103*x + 238. Give l(-55).
623
Let a(t) = -18*t**3 + 27*t**2 + 1780*t - 1796. Determine a(1).
-7
Let u(q) = -q**3 - 51*q**2 - 433*q + 205. What is u(-7)?
1080
Let x(i) = -4*i**2 - 5480*i - 65192. 